t f(o) = 15*o**3 + 5. Let k(l) = 10*l**3 + 3. Let q(m) = y*k(m) - 5*f(m). What is q(i)?
4
Suppose 5 = 5*f + 6*g - g, -4*g + 4 = -4*f. Let b(d) be the third derivative of d**6/120 + d**5/60 + d**3/3 + d**2. Determine b(f).
2
Let i(f) = f**2 + 7*f + 8. Suppose -2*q + t - 22 = -t, 0 = 5*q - 4*t + 50. What is i(q)?
2
Let u(i) = i**2 - 4*i. Let r be u(5). Let h = r + -5. Suppose 4 = -h*a + a. Let d(o) = o**2 - 2*o - 3. Calculate d(a).
5
Suppose 3*i - 9 = 0, 0 = -5*k + 2*i - 3*i + 33. Let x(s) = -s**2 - 5 - 4 + 8*s + 0. Give x(k).
3
Let c be -3 + -3 + 11 - 2. Suppose 0 = -a + c - 2. Let u(v) be the third derivative of v**6/40 - v**3/6 - 4*v**2. What is u(a)?
2
Let o(q) = 0*q + 114 + q - 113. Suppose 0 = 3*d - 2*k + 8, 20 = -d + 3*d + 5*k. Determine o(d).
1
Suppose -5*p + 13 = -2*k, -7 = -4*k - p - 44. Let b(x) = -x**3 - 8*x**2 + 8*x - 5. Give b(k).
4
Let g(x) = -4*x. Let u(q) = 9*q - 1. Let j(d) = 5*g(d) + 3*u(d). Let i(z) = -6*z + 2. Let w(p) = -4*i(p) - 3*j(p). Determine w(-2).
-5
Let h(x) = -8*x - 11*x + 18*x + 1. Determine h(7).
-6
Suppose -5*m = 5*a + 15, 3*m = 4*a - a - 21. Let x(d) = -4*d**2 - 6*d + 0 + 3 + 5*d**2. Give x(a).
-5
Let l(a) = 3*a - 10. Let v(s) = 7*s - 21. Let f(y) = 9*l(y) - 4*v(y). What is f(-4)?
-2
Let l be (0 - 0)*(-10)/20. Let o(q) = q - 11. Give o(l).
-11
Let w(t) be the first derivative of t**4/4 + 4*t**3/3 - 5*t**2/2 - 6*t + 15. Calculate w(-4).
14
Let u(n) be the first derivative of n**2 - 4*n + 1. Let o be (2/4)/((-5)/(-30)). Determine u(o).
2
Suppose -3*k = -l + 1, -2*k = l + 3*l + 10. Let i(a) = a + 1. Let r(o) = -9*o - 5. Let t(m) = -6*i(m) - r(m). Calculate t(k).
-4
Let v(i) = 17 + 4*i**2 + 5*i**3 - 5*i - 7 + 2*i. Let z(m) = -4*m**3 - 16 + 2*m - 3*m**2 + 14 - 7. Let k(l) = 5*v(l) + 6*z(l). What is k(-3)?
-4
Let i(r) = 2*r - 9. Let t(u) = 2*u**3 + u**2. Let n be t(1). Let l be 2 + (0 - 1 - -71). Let d be (l/(-32))/(n/(-8)). What is i(d)?
3
Let x(r) = -73*r**2 + 7 - 5*r - 69*r**2 + r**3 + 146*r**2. Suppose 3 - 13 = 2*u. Determine x(u).
7
Let p(v) = -v**3 - 11*v**2 - 11*v - 5. Let c be p(-10). Let q(x) = 7*x**2 - 8*x + 9. Let g(f) = 11*f**2 - 12*f + 14. Let h(o) = c*g(o) - 8*q(o). Determine h(5).
-7
Let r(w) = -w**3 + w**2 - 7. Let s be -4 + (-19)/(-4) - (-6)/(-8). Give r(s).
-7
Let x(o) = 18*o**2 - 5*o. Let j(v) = -12*v**2 + 3*v. Let g(i) = -8*j(i) - 5*x(i). What is g(1)?
7
Let b(r) = 5*r**2 - r. Let o = -31 + 30. What is b(o)?
6
Suppose -o + 10 = o. Let g(d) = -o*d + 0 + 3 - 2. What is g(1)?
-4
Let f be 1/(-3) - (-14)/6. Let s(n) = -f - 2*n**2 + n**2 + 6. Let x(y) = y + 12. Let p be x(-9). Determine s(p).
-5
Let s(h) = 8*h - 22*h + 16*h + 9. Determine s(-7).
-5
Let d(k) = 2*k + 5. Let m(v) = -v - 4. Let b be m(-9). Determine d(b).
15
Let q = -2 + 9. Let u = q - 5. Let g(m) = -m**2 + 4*m. Calculate g(u).
4
Let g(u) = -3*u + 7. Let q(z) = -z + 1. Let b(w) = g(w) - 6*q(w). Let y(r) = -r + 9. Let c be y(12). Let i = c + 1. Determine b(i).
-5
Suppose -3*d = 2*h, h - 1 + 4 = 0. Let z(u) = -3*u - u**2 + 2*u**d + 0*u. What is z(3)?
0
Let x(m) be the second derivative of -3*m**2 + 1/12*m**4 + 0 + 4*m + 1/6*m**3. Determine x(0).
-6
Let f(x) = 4*x - 1. Suppose 11 = -a + 2*s, -2*a + s = -a + 7. Let q be (a - -1)*(-3)/3. Calculate f(q).
7
Let g be ((-4)/10)/((-2)/(-10)). Let i(w) = -w - 3. What is i(g)?
-1
Let m(s) = s + 1. Let r(y) be the first derivative of -3*y**2 - y + 1. Let n(a) = -2*m(a) - r(a). Let d be 84/(-56) + ((-1)/2 - -1). Calculate n(d).
-5
Let k(i) = -i**2 - 4*i - 2. Suppose -3*b - a = 20, -3*b + 5*a = -7*b - 45. Determine k(b).
-7
Let o(n) be the first derivative of -n**4/12 + 2*n**3/3 - n**2 + n - 2. Let x(f) be the first derivative of o(f). Let v = 3 - -1. Calculate x(v).
-2
Let m(c) = -2*c**3 + 6*c**2 + 3*c - 3. Let y(w) = -3*w**3 + 11*w**2 + 5*w - 5. Let s(n) = -5*m(n) + 3*y(n). Calculate s(-4).
-16
Let i be (-3)/(-9) - 57/9. Let a(k) = k**2 + 3*k. Determine a(i).
18
Let y(b) = b**3 + 5*b**2 - 2*b + 4. Suppose -15 = -10*k - 65. Determine y(k).
14
Suppose m + 11 = 8. Let v(y) = -3*y + 4. What is v(m)?
13
Let w(s) = 2*s. Let g(p) = 2*p. Let n(t) = -3*g(t) + 2*w(t). Determine n(4).
-8
Let f(w) = w**3 - 4*w**2 - 5*w - 4. Let g(c) = c**3 - 3*c**2 - 4*c - 3. Let j(x) = -3*f(x) + 4*g(x). Give j(0).
0
Let x(l) = 3*l - 1 + l + 3 - 3. Let m be 2*-1 + (-1 - -1). Give x(m).
-9
Let f(q) = 4*q**2. Suppose t + 7 - 10 = 0. Let m be -1 + (0/t)/2. Determine f(m).
4
Let v(n) = -10*n. Let a = 46 + -45. Give v(a).
-10
Suppose -5*k + 1 - 26 = 0. Let b = -2 - k. Let c(r) = 4*r + r**2 - 5*r + 5 + r**3 - 2*r**b. Give c(0).
5
Let g(j) = -3*j - 1. Suppose 3*q - 5*c = -20, -6*c + 2*c = 2*q + 6. What is g(q)?
14
Let y(n) = -7*n**2 + 2*n - 2*n + 94 - 95. Suppose 0 = 3*j - v + 6, -6 = 5*j - 5*v + 14. Determine y(j).
-8
Let v(l) = -l**3 - 2*l**2 + 6*l - 3. Let h(g) = g**3 + g**2 - 6*g + 3. Let j(s) = -5*h(s) - 4*v(s). Let t(z) = z**2 + 8*z + 4. Let w be t(-8). Determine j(w).
5
Let g(p) = p**2 + p - 6. Let z be (-2)/(-9) - (-8)/216*-6. Calculate g(z).
-6
Let c(k) = 5*k**2 - 3 - 5*k**3 + 5*k + 4*k**3 + 2*k. Determine c(6).
3
Let k(z) = -z**3 - 4*z**2. Let u(w) = -w. Let o be u(-4). Let c = o - -1. Suppose -c*q = -0*q + 20. Give k(q).
0
Let v(g) = -g**3 - g. Suppose 6*b - 2*b = -k - 9, 3*b + k = -8. Determine v(b).
2
Let n(r) = -r + 5*r - 2*r - 4*r. What is n(1)?
-2
Suppose -z = 9 - 11. Let l(x) = -3*x**3 - x**3 + 3*x**3 - 4*x**z - 7*x + 5*x. Give l(-3).
-3
Let m(t) = t**3 + 4*t**2 - 3*t - 6. Let j(o) = o**3 - 7*o**2 + 6*o + 4. Let p be j(6). Suppose 5*h + 12 = 3*d - d, p*h = d - 12. What is m(d)?
6
Let h(u) = -7. Let k(m) = -m + 20. Let x(o) = 8*h(o) + 3*k(o). Suppose 0 = f + 4*b + 9, 3*f + 0*b - 6 = -b. Give x(f).
-5
Let a = -8 + 11. Let i(v) = -v**2 + 4*v**2 + a*v**2 - 1. Suppose -7 = 2*j + 3*r, 2*j = -2*r - 4 - 0. Give i(j).
5
Let f(j) = 2*j**2 - 2*j - 5. Let n be f(3). Let q be (-3 + n)*(-3)/6. Let c(k) = -4*k - 2. Calculate c(q).
6
Let s(a) = 9*a - 7. Let p(d) = 5*d - 4. Let z(f) = -11*p(f) + 6*s(f). Give z(6).
-4
Let x(f) = -2 + 2*f + f**2 - 1 - f. Give x(-3).
3
Let g(i) = 3*i + 2. Suppose 3*d - 12*d = -18. Give g(d).
8
Suppose -5*v - 5*q + 3*q = -43, 2*q + 27 = 5*v. Let y be (-3 + v + -3)*-4. Let t(k) = k**2 - 2. Give t(y).
14
Let l(r) = -r**3 + 7*r**2 - 7*r - 2. Let y be l(6). Let b = -5 - y. Let o(n) = 3 + 1 - 4*n**2 - 2*n**2 + 3*n + n**b. Determine o(5).
-6
Let p = -105 - -107. Let d(n) = n**3 - 2*n**2 + 2*n - 2. What is d(p)?
2
Let v(a) = 2*a**2. Let c be -4*(-3)/6 - -10. Suppose -4*r = c + 20. Let u be r/20*(4 - -1). Calculate v(u).
8
Let t(d) be the second derivative of d**3/2 - 5*d**2/2 + 4*d. Give t(4).
7
Let a = -1 + 1. Let w = a + 3. Let g(q) = -q + 2. What is g(w)?
-1
Let y(r) be the second derivative of -7*r**5/20 - r**4/12 - r**3/3 - r**2/2 + r. Suppose 2 = -5*w + c, 0*w + 6 = 3*w - 3*c. What is y(w)?
7
Let u(w) = w**2 - 6*w - 10. Let y be ((-12)/10)/((-51)/340). Calculate u(y).
6
Let l(v) = -v**2 + 5*v - 4. Suppose 20 = 12*c - 8*c. Calculate l(c).
-4
Let h(z) be the second derivative of -z**3/6 + 11*z**2/2 - 40*z. Give h(9).
2
Let a be 0*1/4*-2. Let s(r) = -r**2 - r - 4. Give s(a).
-4
Let n(c) = -6 - c - 2 + 1. Let o be n(-5). Let q(y) = y**3 + 2*y**2 + 2*y - 1. Calculate q(o).
-5
Let i(z) be the third derivative of z**4/6 + z**3/6 - 34*z**2. Give i(-2).
-7
Let h(i) = -i**2 + i - 3. Let n be h(0). Suppose 4*a = -8, 4*q + 4*a + 1 = 13. Let p = n + q. Let o(j) = -j**2 + 4*j + 1. Give o(p).
5
Suppose 5*n - 22 = u - 2*u, 2*n - 13 = u. Let x(v) = -4*v - 1. Determine x(n).
-21
Let w(t) be the second derivative of t**5/20 - t**4/3 + t**3/6 - 12*t. Give w(3).
-6
Let u(s) = s + 4. Let k(r) = r**3 + 5*r**2 - 17*r - 15. Let x be k(-7). Give u(x).
10
Let q be (-11)/2 - (7 - (-52)/(-8)). Let h(w) = w + 4. Give h(q).
-2
Let s(g) = -3*g**2 - 4*g - 3. Let j(q) be the third derivative of 0 - q**2 - 7/6*q**3 + 0*q + 1/24*q**4. Let k be j(5). Give s(k).
-7
Let s(k) = -k**2 - 7*k - 8. Suppose 4 = y + 10. Determine s(y).
-2
Suppose -3*q - 2*q - 22 = 3*x, 5*q - x + 6 = 0. Let w(v) = -v. Let u(z) = 3*z - 1. Let t(h) = q*w(h) - u(h). What is t(1)?
0
Let l = 12 + -13. Let d(s) = 2*s**2 - s. Determine d(l).
3
Let h(f) = -2*f**3 + 3*f**2 - 1. Suppose -2 = 4*q - 10. Let s be h(q). Let w(j) = 2*j + 6. Determine w(s).
-4
Let c(t) = -16*t**2 + 2